 is divided by 454.
1
Calculate the remainder when 2099090 is divided by 524627.
582
Calculate the remainder when 5093034 is divided by 2902.
24
What is the remainder when 11956821 is divided by 248?
245
Calculate the remainder when 485149 is divided by 8361.
211
What is the remainder when 230031 is divided by 114969?
93
What is the remainder when 23274304 is divided by 5818572?
16
Calculate the remainder when 1471769 is divided by 405.
404
Calculate the remainder when 1725169 is divided by 860.
9
What is the remainder when 5171395 is divided by 68?
63
Calculate the remainder when 167833344 is divided by 1207.
1201
Calculate the remainder when 382304007 is divided by 1193.
1192
Calculate the remainder when 2152206 is divided by 200.
6
What is the remainder when 20153 is divided by 5358?
4079
What is the remainder when 256264703 is divided by 192?
191
What is the remainder when 87508 is divided by 302?
230
What is the remainder when 1738071 is divided by 341?
335
What is the remainder when 4410479 is divided by 3517?
161
Calculate the remainder when 851646 is divided by 283882.
0
Calculate the remainder when 2543188 is divided by 847724.
16
Calculate the remainder when 291156 is divided by 258.
132
Calculate the remainder when 59174 is divided by 497.
31
What is the remainder when 70944 is divided by 23644?
12
What is the remainder when 16528488 is divided by 5509491?
15
Calculate the remainder when 317478 is divided by 127.
105
What is the remainder when 11085171 is divided by 57?
39
What is the remainder when 27294296 is divided by 880461?
5
Calculate the remainder when 291784672 is divided by 6.
4
What is the remainder when 28676 is divided by 414?
110
What is the remainder when 1205924 is divided by 5220?
104
Calculate the remainder when 12551 is divided by 2082.
59
Calculate the remainder when 3918155 is divided by 85.
80
Calculate the remainder when 40288107 is divided by 53.
51
What is the remainder when 1275417 is divided by 908?
585
Calculate the remainder when 1042955 is divided by 346968.
2051
What is the remainder when 4324530 is divided by 1067?
1046
Calculate the remainder when 2068659 is divided by 1350.
459
Calculate the remainder when 19168944 is divided by 2396115.
24
What is the remainder when 171364498 is divided by 300?
298
Calculate the remainder when 36911288 is divided by 2003.
4
Calculate the remainder when 3097030 is divided by 2663.
2624
Calculate the remainder when 230424 is divided by 365.
109
What is the remainder when 5127263 is divided by 5449?
5203
Calculate the remainder when 122159 is divided by 121948.
211
What is the remainder when 242740 is divided by 73?
15
Calculate the remainder when 106425 is divided by 25964.
2569
What is the remainder when 79550 is divided by 7219?
141
What is the remainder when 252267 is divided by 701?
608
What is the remainder when 72499 is divided by 23022?
3433
Calculate the remainder when 24575738 is divided by 2320.
2298
What is the remainder when 53692 is divided by 166?
74
Calculate the remainder when 9332109 is divided by 2084.
2041
What is the remainder when 3444879 is divided by 3769?
13
What is the remainder when 2350917 is divided by 2924?
21
Calculate the remainder when 247735 is divided by 148.
131
What is the remainder when 1595178 is divided by 5196?
6
What is the remainder when 2899887 is divided by 9830?
37
Calculate the remainder when 24285 is divided by 9048.
6189
What is the remainder when 19198 is divided by 725?
348
What is the remainder when 3855955 is divided by 247?
38
What is the remainder when 4187736 is divided by 1041?
834
What is the remainder when 158461 is divided by 222?
175
Calculate the remainder when 465800 is divided by 465692.
108
Calculate the remainder when 71116 is divided by 71084.
32
Calculate the remainder when 192378 is divided by 9599.
398
What is the remainder when 207628 is divided by 98?
64
What is the remainder when 3309685 is divided by 20?
5
What is the remainder when 13213969 is divided by 46528?
17
Calculate the remainder when 706846 is divided by 88347.
70
Calculate the remainder when 723672 is divided by 24118.
132
Calculate the remainder when 333040 is divided by 83260.
0
What is the remainder when 1860899 is divided by 88577?
782
What is the remainder when 5399799 is divided by 1349927?
91
Calculate the remainder when 43825 is divided by 898.
721
Calculate the remainder when 48325 is divided by 1727.
1696
Calculate the remainder when 2029522 is divided by 1259.
14
Calculate the remainder when 1237105438 is divided by 311.
308
What is the remainder when 324156177 is divided by 852?
849
What is the remainder when 1584228 is divided by 1210?
338
Calculate the remainder when 1183033 is divided by 6.
1
Calculate the remainder when 169391470 is divided by 7.
3
Calculate the remainder when 886401 is divided by 561.
21
What is the remainder when 82157 is divided by 978?
5
Calculate the remainder when 47446 is divided by 169.
126
What is the remainder when 47251 is divided by 46665?
586
What is the remainder when 507998 is divided by 28218?
74
Calculate the remainder when 901494 is divided by 1836.
18
Calculate the remainder when 53682848 is divided by 6353.
6351
Calculate the remainder when 5125910 is divided by 512591.
0
What is the remainder when 1302398 is divided by 75?
23
What is the remainder when 756756 is divided by 756417?
339
Calculate the remainder when 5044228 is divided by 63.
7
What is the remainder when 2305653 is divided by 870?
153
What is the remainder when 6525119 is divided by 634?
625
What is the remainder when 112893783 is divided by 29029?
2
Calculate the remainder when 777 is divided by 6.
3
What is the remainder when 203555 is divided by 89?
12
Calculate the remainder when 976388 is divided by 13375.
13
Calculate the remainder when 5174659 is divided by 136.
131
What is the remainder when 288783 is divided by 41002?
1769
Calculate the remainder when 205420 is divided by 76.
68
What is the remainder when 705660 is divided by 17619?
900
What is the remainder when 87657 is divided by 3120?
297
Calculate the remainder when 115917 is divided by 35395.
9732
Calculate the remainder when 2849 is divided by 549.
104
Calculate the remainder when 493755821 is divided by 1401.
1391
What is the remainder when 54557327 is divided by 13639321?
43
Calculate the remainder when 340168 is divided by 48559.
255
Calculate the remainder when 13431644 is divided by 2172.
2168
What is the remainder when 733939 is divided by 9284?
503
Calculate the remainder when 92491733 is divided by 164.
161
What is the remainder when 350865 is divided by 47?
10
What is the remainder when 1381532 is divided by 4212?
4208
What is the remainder when 36519234 is divided by 37?
12
Calculate the remainder when 67906404 is divided by 304513.
5
Calculate the remainder when 1301333 is divided by 325279.
217
Calculate the remainder when 2869530 is divided by 573799.
535
Calculate the remainder when 14994 is divided by 13845.
1149
Calculate the remainder when 2326370 is divided by 22.
2
What is the remainder when 5343122 is divided by 149?
131
What is the remainder when 9647277 is divided by 1878?
1869
Calculate the remainder when 145875 is divided by 1676.
63
Calculate the remainder when 284886 is divided by 602.
140
Calculate the remainder when 354748 is divided by 19686.
400
Calculate the remainder when 199665 is divided by 12455.
385
Calculate the remainder when 1175630 is divided by 14.
8
Calculate the remainder when 1738752 is divided by 460.
412
What is the remainder when 230558 is divided by 95?
88
What is the remainder when 1218001 is divided by 2813?
2785
Calculate the remainder when 139854 is divided by 46457.
483
What is the remainder when 55043630 is divided by 51879?
11
Calculate the remainder when 177678774 is divided by 8.
6
Calculate the remainder when 682757 is divided by 24384.
5
Calculate the remainder when 3438031 is divided by 1718989.
53
Calculate the remainder when 260258 is divided by 109.
75
Calculate the remainder when 16445257 is divided by 3784.
3777
What is the remainder when 2092638 is divided by 618?
90
Calculate the remainder when 5962256 is divided by 2051.
2050
What is the remainder when 1250545386 is divided by 7631